 -3, 5*v = -0*v + 2*m + 39. Let y be 6 + 104/(-18) + 673/v. Suppose 0 = 8*j - y - 77. Is j a prime number?
True
Let n = -2524 + 11053. Is n composite?
True
Let i = 204912 - 107171. Is i a prime number?
False
Suppose -564225 = -157*p + 82*p. Is p composite?
False
Let h = -103627 - -271148. Is h a prime number?
True
Let l be 4/7 - ((-24)/7 - -1). Suppose -k + l*k - 3*r = 1331, 5*k - 3337 = -2*r. Is k prime?
False
Let z(n) = -148*n**3 + 4*n. Let j be z(-6). Suppose -7*p - j = -156327. Is p a composite number?
True
Is -2*(-1603645)/469*7/2 a prime number?
False
Suppose -k + w = -27445, -50*k + 4*w - 137207 = -55*k. Is k prime?
False
Let f(h) = 5021*h**3 - 95*h + 251. Is f(3) prime?
True
Let n(d) = -4*d**3 - 13*d**2 - 4*d - 3. Let r(j) = 2*j**3 + 7*j**2 + 2*j + 2. Let m(l) = 3*n(l) + 5*r(l). Let h be m(-2). Suppose -236 + 2671 = h*s. Is s prime?
True
Let o = 1196265 + -345476. Is o composite?
True
Let m(t) be the third derivative of -77*t**4/3 + 19*t**3/2 - 2*t**2 - 52. Is m(-7) prime?
False
Suppose 4*b + 20 = 0, 0*z + 5*z = -b + 195. Let k(r) = -r**3 + 21*r**2 + 100*r + 77. Let s be k(25). Let p = s - z. Is p composite?
False
Is (-1)/((-2)/6)*45/54*2458 prime?
False
Let a be (-193696)/(-3) + (130/(-15))/(-13). Suppose w = -17*w + a. Is w a composite number?
True
Suppose -33 = 10*w - 123. Suppose 14*h - w*h = 775. Is h composite?
True
Let t = 128046 - 76117. Is t prime?
True
Suppose -3*v - 3*v = 216. Let q = 42 + v. Suppose q*s - 5585 = s. Is s a composite number?
False
Suppose 0 = -4*a - 952 - 324. Let h = 1206 + a. Is h/(-2)*(-8)/4 a composite number?
False
Let t = 100 + -100. Is 1114 - ((-12)/2)/(t - -2) a composite number?
False
Let s = 4 - 5. Let t(a) = 473*a**2 - 4*a - 2. Let w be t(s). Suppose -6*p = -w - 1907. Is p prime?
True
Let k(x) = -283*x**3 + x**2 - 58*x - 78. Is k(-11) prime?
False
Let r(p) = 2892*p - 29. Let b be r(4). Let v = b - 1850. Is v composite?
False
Is (-7 - 0)*135553/(-77) a composite number?
False
Let m(o) = 4342*o**2 - 22*o + 181. Is m(6) composite?
False
Let o be -4 + (186/(-12))/(2/(-1276)). Let k(z) = -604*z**3 + 2*z**2 + 3*z + 2. Let h be k(-2). Suppose -3*u + o + h = 0. Is u composite?
True
Suppose -5*w = -2*b + 3*b - 1039, -b - 3*w = -1031. Let j = b - 408. Is j a composite number?
True
Let y be 2*(-1 + (-5 - 0) + 361). Let n be (-3)/9 - 8182/(-3). Let a = n - y. Is a a composite number?
False
Suppose 4*s - 216 = -o + 5*s, 5*s + 212 = o. Suppose -26 = 215*x - o*x. Is x prime?
True
Suppose -5*f + 192 = -37*f. Is 213308/40 - f/20 prime?
True
Let y(r) = r**3 + 18*r**2 - 20*r - 4. Let h be 25*-2*8/(-60)*-3. Let t be y(h). Is t/(-1 - (-3 - -4)) prime?
False
Let d = 18067 + -10755. Suppose 5*w - 5*v = 105645, -w - v + d = -13821. Suppose -17*u + w = -6*u. Is u a prime number?
False
Let w be (-23)/(-4) + 3/12 + 0. Let d(u) = 9*u**3 + 9*u**2 - 10*u + 23. Is d(w) a prime number?
False
Suppose 65 = 5*x - 4*x. Let i = 656 + x. Suppose i + 167 = 12*h. Is h a prime number?
False
Suppose 7*q - 555738 = 308195. Is q a composite number?
False
Suppose 8*n - 26 = -2*m + 3*n, 4*n + 52 = 4*m. Is 2/m - (344947/(-221) + 0) composite?
True
Is (4*-4)/(-2) - (-42 - (-7 - -689214)) composite?
False
Let n = 136 - 1267. Let w = n - -2374. Is w a composite number?
True
Let z = 61188 + -16680. Suppose -22*i = -26*i + z. Is i prime?
False
Let o be ((5 + 1130)/(-5))/(((-4)/4)/2). Let f(h) = -10*h**3 - 5*h**2 - 2*h. Let y be f(-3). Let b = o - y. Is b a composite number?
False
Let i be 3 - (-46 + 3 + -6). Suppose g = w + 2249, 0 = 3*g - 47*w + i*w - 6763. Is g composite?
False
Let x(d) = 34*d**3 + 16*d**2 + 6*d + 127. Is x(14) composite?
False
Let b = 652296 + -361337. Is b composite?
False
Suppose 2*r = -21046 - 2322. Let h = -3688 - r. Let u = -4731 + h. Is u a prime number?
False
Let l = 216 - 121. Let b = l + -310. Let a = 274 - b. Is a a prime number?
False
Let l(o) = -9*o - 29. Let x be l(-6). Suppose 0 = z - 30 + x. Suppose 4*f + 5*i - 2926 = 0, -z*f - 9*i + 4*i + 3660 = 0. Is f prime?
False
Suppose -8*x = 8*x - 32. Let s(u) = 49*u**3 - 2*u**2 - 2. Is s(x) a composite number?
True
Is (-1 - (-2116447)/2) + 219/(-146) composite?
False
Suppose -75*a = -72*a + 22503 - 90708. Is a prime?
False
Let r(t) = -340*t + 1. Let y be r(1). Suppose 430*h - 427*h - 2869 = -4*n, 706 = n + 3*h. Let v = y + n. Is v a composite number?
True
Let v(q) = -3*q - 13. Suppose 7 = -3*y + h - 8, y - 5*h = -5. Let u be v(y). Let f(r) = 131*r**3 - 3*r**2 + 2*r - 3. Is f(u) prime?
False
Suppose 5*h = 4*y + 285983, -5*h - 134*y = -131*y - 286039. Is h a prime number?
True
Is (1 + 0)*(-6 + (-10 - -83853)) composite?
True
Let d be (4/12)/((-6)/(-36)). Suppose -2*y = u + d*y - 781, 2*u - 1588 = 5*y. Is u a composite number?
True
Suppose -2*i - 3*m + 12673 = -587278, 5 = -m. Is i a prime number?
True
Let t(h) = 271*h**2 + 33*h + 1003. Is t(-28) a prime number?
False
Let s(g) be the second derivative of 23*g**4/6 + 6*g**3 + g**2/2 - 3*g - 20. Is s(19) a prime number?
True
Let j(w) = -2733*w + 4056. Is j(-15) a composite number?
True
Let r(l) = -4*l**3 - 30*l**2 - 920*l + 85. Is r(-26) composite?
True
Suppose 3*p + 4*u - 7 = 0, 0 = 3*p + p - 4*u - 28. Is 134*(705/6)/p a composite number?
True
Let b(h) = 5*h**2 - 42*h + 164303. Is b(0) a composite number?
True
Suppose -5*a + 18 = r, -4*r + 2*r + 4*a = 6. Suppose 4*u + 16 - 8 = -d, 3*u - r*d + 21 = 0. Is ((-708)/36)/(1/u) prime?
True
Let p(s) = 157*s**2 - 236*s - 7. Is p(-68) composite?
False
Let p(s) = s**2 + 19*s + 73. Let f be p(-14). Let r be 2/f + (-252)/(-108). Suppose q - 3464 = -2*h, r*h - 5191 = -3*q - q. Is h composite?
False
Let h(s) be the first derivative of -s**3/3 - s**2 - 7*s + 22. Let r be h(0). Is ((-7)/(r/214))/(2/7) a prime number?
False
Let v = -3011 + 6804. Is v a prime number?
True
Let d(a) be the first derivative of 223*a**3/3 - 2*a**2 + 3*a + 1. Let q be 10/6 - (-4)/12. Is d(q) a prime number?
True
Let a(o) = -2*o**2 + 3*o + 3. Let j be a(3). Let i = -559 + 555. Is 298 - (i - (2 + j)) composite?
True
Let i = -39565 - -74946. Is i composite?
False
Let x be (-6)/2 - (16 + -20) - -17. Suppose -19*i = -x*i - 12143. Is i prime?
True
Suppose -28*t - 30 = -33*t. Let m(z) = 1295*z + 149. Is m(t) a prime number?
True
Suppose -s - 8 = -3*s. Let v(b) = -15*b**3 - b**2 - 5*b + 5. Let m be v(s). Is m/(-2 + (2 - 1)) prime?
True
Suppose -187146 = 31*d - 249178 - 261639. Is d composite?
True
Is 103652 - -15 - (-2)/(-4)*-4 composite?
False
Let h = -77 + 91. Suppose -2*y - h*y = -1760. Is (-1)/(-5) + 93808/y a composite number?
False
Let b(z) = 603*z - 78. Let c be b(-3). Let k = c - -3086. Is k a prime number?
False
Suppose -155*p + 12199423 = 2372524 - 2921386. Is p a composite number?
True
Let q(s) = -2*s**2 + 12*s + 23. Let i be q(-9). Let r = 1524 + i. Is r a composite number?
False
Let s = -15359 + 26106. Is s a prime number?
False
Let m(b) = b**2 - 12*b + 24. Let a be m(10). Suppose -a*y + 270 = -7*y. Let t = 217 + y. Is t a prime number?
True
Let j be 0 + 2 + 36 + 1584. Suppose 5*m - j - 48 = 0. Is m composite?
True
Suppose -4*z = z - 8300. Suppose 0 = -14*c + 16*c - 1858. Let k = z - c. Is k a prime number?
False
Let u be 6 - (5 + 137)/(7/(-364)). Suppose a - 4*f - u = -567, -27217 = -4*a + f. Is a prime?
True
Suppose 0 = 3*h - h - 1266. Let b(j) = 2*j**2 - 5*j + 10. Let y be b(-10). Suppose -2*k = 5*t - h - y, -4*k - 899 = -5*t. Is t a prime number?
True
Suppose 18*y - 4186 = 11*y. Let j = y + 173. Is j composite?
True
Let a(i) = i**3 + 16*i**2 - 34. Suppose -17 = 2*t - 3*t. Suppose -5*f + 0 - 20 = y, -y - 2*f - t = 0. Is a(y) a composite number?
False
Is (-7)/(((-12 - -18)/699708)/((-1)/2)) composite?
True
Let m(l) = l**3 + 3*l**2 + l + 4. Let y be m(-4). Let g(q) = 44*q + 25. Let h be g(y). Is 6/2 - (h + 5) prime?
True
Let d = 37 - 36. Let v be 12/(-15)*d*-5. Suppose -1239 - 749 = -v*l. Is l a prime number?
False
Let k(j) = 7810*j**2 - 223*j - 451. Is k(-2) prime?
False
Suppose -532469 = -14*q - 15*q + 382800. Is q prime?
False
Let o = 5 + -1. Let q = -289 + 489. Suppose q = o*s - 428. Is s a composite number?
False
Let q(x) = -x**3 - 7*x**2 - 3*x + 16. Suppose -5*i = 2*d + 53, 0 = 5*i - 3*d + 39 + 19. Is q(i) composite?
True
Let w = 2 - 2. Suppose 165*l - 816746 = 235789. Suppose -4*b - 3*z + l = w, 4*b 